termine s(4).
3
Let z(l) = l**2 - l - 2. Let f = -4 + 12. Suppose 5*u + f - 23 = 0. What is z(u)?
4
Let r(q) = 0*q**3 + 2 + 5*q**3 - 4*q**3 + 7*q + 8*q**2. Suppose 2*f - 10 = 0, 0*f + 2*f - 45 = 5*v. Let u be r(v). Let m(l) = l**3 - 4*l**2 + l. Determine m(u).
-6
Let z(k) be the third derivative of -k**4/24 + 6*k**2. Let b = -5 + 8. Suppose -b*m = -14 - 1. Calculate z(m).
-5
Let a(q) = -4 + q**3 + 0*q**2 - 235*q - 7*q**2 + 233*q. Give a(7).
-18
Let c(h) be the first derivative of -5*h**2 - 9. Calculate c(2).
-20
Let r(n) = n**3 + 6*n**2 - 8*n - 4. Let b = -4 + -3. Let m be r(b). Let p(l) = l**2 + 0 + 0 - 4*l. Calculate p(m).
-3
Let f(x) = 4*x - 3*x + 5*x**2 - 2*x - 3*x**2. Give f(2).
6
Let k(l) be the first derivative of l**3/3 + l**2 - 3*l + 2. Calculate k(-4).
5
Let b(x) be the first derivative of 6*x + 3 - 1/2*x**2. Suppose 0 = 4*g + 20, 2*g + 29 = 4*c - 1. Calculate b(c).
1
Let l(a) = -11*a - 1. Suppose -2 = d - 3*d. Determine l(d).
-12
Let a(n) = -7 - 1 - 7 + n + 19. Let f = 2 - 9. What is a(f)?
-3
Let q(s) = -s**2 + 6*s - 6. Let u be 18 - 10 - (-4)/(-1). What is q(u)?
2
Let f be 3/6*(3 + -3). Let x be 0/(-4 + f + 3). Let t(q) = q - 3. Give t(x).
-3
Let j(m) = m**3 - 11*m**2 + 10*m - 2. Let q be j(10). Let z(l) be the third derivative of l**4/6 + l**3/3 + l**2. Calculate z(q).
-6
Suppose 3*p + p = 0. Let b(q) = q + p - 4 - 1 - 2. Let v(w) = w**3 - 4*w**2 + 2*w - 3. Let r be v(4). Give b(r).
-2
Suppose -4*d = -9*d + 30. Let u(r) = -r**2 + 4*r + 3. Determine u(d).
-9
Let m(o) be the third derivative of -o**6/120 - o**4/24 + 5*o**3/3 + o**2. Suppose -4*g - 3*l = 2*l - 25, 4*g + 3*l - 15 = 0. Give m(g).
10
Let u(k) = -2*k**3 + 5*k**3 - 49*k**2 + 57*k**2 + 5*k - 7 - 2*k**3. Determine u(-7).
7
Suppose -4*k - 2*n = -1 + 5, 3*n + 14 = 2*k. Let y(r) = -k + 5*r**2 + 6*r**2 + 2*r + 6*r**2 - 18*r**2. Determine y(1).
0
Let v(m) be the first derivative of 4*m + m**2 - 4*m**2 + 4*m**2 - 3 - m. Calculate v(-5).
-7
Let t(k) = k**2 - 7*k + 6. Let o = -10 + 15. Give t(o).
-4
Let a(l) = -l. Let u = 4 + -6. Let j(x) be the first derivative of -4*x**2 + 2*x - 1. Let m(c) = u*j(c) + 14*a(c). Give m(4).
4
Let h(l) = l + 1. Let r(a) = 3*a + 3. Let s(b) = -2*h(b) + r(b). Let f be (-6)/(-15) - 7/5. Let y(c) = -6*c**3 + 2*c + 1. Let o be y(f). What is s(o)?
6
Let x(s) = 4 + 4 + 2*s - 2. Let i(b) = -b**3 + 5*b**2 - b + 3. Let a be i(5). Let q be -8 - -4 - a/(-2). Calculate x(q).
-4
Let v(c) = -c**2 - 10*c - 7. Let y be v(-9). Let a(i) = i**3 - 3*i**2 - 2*i**y + i - 3*i**3 + i**3 - 1. What is a(-5)?
-6
Let f(m) be the third derivative of m**7/5040 + m**6/360 + m**5/30 + 5*m**2. Let c(d) be the third derivative of f(d). Calculate c(0).
2
Let z(c) = 3*c**3 + 1. Let i(f) = 4*f**3 - f**2 - f + 1. Let b(n) = -4*i(n) + 5*z(n). Suppose -2*a - 125 + 135 = 0. Calculate b(a).
-4
Let u(i) = -i + 7. Let x be 4/1 + -1 + 0. Let y(m) = m**2 - 5*m + 4. Let j be y(x). Let v(g) = -g**2 - 2*g. Let o be v(j). Calculate u(o).
7
Suppose -3*d + 22 = -2*b, 5*d + 2*b = 3*b + 25. Let h(l) be the third derivative of -l**5/60 + l**4/12 + l**3/6 + 5*l**2. Calculate h(d).
-7
Let c(b) = 3*b + 4. Let z be c(-3). Let o = z + 6. Let l(g) = -13*g + 5*g + 10*g. What is l(o)?
2
Let w(c) = 2*c + 1. Let i = -5 - -1. Give w(i).
-7
Let n(t) = t. Let d(v) = v**3 + 5*v**2 - 6*v + 5. Let h be d(-6). Let z(a) = -4*a. Let f(o) = h*n(o) + z(o). Give f(3).
3
Let j(b) = 8*b + 14. Let w(h) = -h - 1. Let l(c) = -j(c) - 10*w(c). Suppose -7 + 28 = 3*r. Let v = -2 + r. What is l(v)?
6
Suppose -2*v - 2 = -5*y, -5*v + 34 - 12 = y. Let x(d) be the second derivative of 0 + 5/6*d**3 + 0*d**2 + d. Calculate x(y).
10
Let h(z) be the third derivative of z**5/60 - 11*z**4/24 + 2*z**3/3 - 6*z**2 + 2. Determine h(8).
-20
Let b(i) = i**3 - i**2 + i. Let m = 4 + -2. Suppose -m*a - 5 = -7*a. What is b(a)?
1
Let o(r) be the second derivative of r**2 - 7*r - 1/6*r**3 + 0. Give o(2).
0
Suppose 0 = -3*q + o + 13, -q - 16 = -5*q + 2*o. Let u(w) = q*w + 0 - 1 - 12*w + 5*w. What is u(5)?
-11
Let r(h) = h**2 - 9*h + 3. Let f(d) = d**2 - 10*d + 3. Let j be (-1)/6*-4*-6. Let b be (-5)/(0 + (1 - 2)). Let s(g) = b*r(g) + j*f(g). What is s(3)?
-3
Let r(y) = 2*y - y + y - 2 - y. What is r(3)?
1
Let f(r) = -r - 7. Suppose 0 = -4*l + 12, -z = 2*z - 5*l - 3. Let a be z/(-27) - (-156)/(-27). Determine f(a).
-1
Let g(h) = -2*h - 1. Let s(d) be the first derivative of -d**4/4 + d**3 - 3*d - 2. Let j be s(3). Let o be (-13)/3 + j/(-9). Give g(o).
7
Let z(u) = -1. Let i(b) = 2*b - 13. Let g(t) = t - 7. Let f(v) = -7*g(v) + 4*i(v). Let n(h) = f(h) - 5*z(h). Determine n(3).
5
Let v(u) be the second derivative of u**3/6 + 5*u**2 + 10*u. What is v(-7)?
3
Let v(h) = 2*h**2 - h + 2. Let g(c) = 3*c**2 - 3*c + 4. Let m(i) = -3*g(i) + 5*v(i). Let a be 6/(-27) + (-86)/18. Give m(a).
3
Let m(f) = -8*f - 8. Let l(c) = 4*c. Let k(w) = 4*w - 1. Let b(v) = 4*k(v) - 5*l(v). Let x(i) = -5*b(i) + 2*m(i). What is x(-4)?
-12
Let p = 41 - 43. Let j(h) = 5*h**2 + 2*h. Calculate j(p).
16
Let z(o) be the first derivative of -11*o**4/4 - o**3/3 - o**2 - o + 1. Calculate z(-1).
11
Let z(y) = 5*y - 16. Let w be z(4). Let m(k) be the first derivative of -2*k**3/3 + 2*k**2 + 3*k + 1. Calculate m(w).
-13
Let u(v) = -4*v**2 + 3*v**3 - 4*v**3 - 14 + 12 + 3*v. Determine u(-4).
-14
Let d(o) = -o**2 - 3*o + 7. Let b be (1*3)/((-8)/16). Give d(b).
-11
Let i = 16/3 + -5. Let t(b) be the first derivative of -1 + 2*b - 1/2*b**2 - i*b**3. What is t(-3)?
-4
Let a(x) be the first derivative of 0*x + 1/2*x**2 + 2/3*x**3 - 2 - 1/12*x**4. Let r(m) be the second derivative of a(m). What is r(3)?
-2
Let h be (-2)/5 + 11/(-10)*-4. Let r(g) = -15*g + 1. Let n(p) = 2*p + 0*p + 0*p. Let u(l) = -14*n(l) - 2*r(l). Give u(h).
6
Let n(t) = -10*t + 6. Let q(v) = -5*v + 3. Let u(s) = 3*n(s) - 5*q(s). Let a = 29 - 26. Give u(a).
-12
Let g(z) = z**2 + 10 - 5 + 2*z - 5. Give g(2).
8
Let w(r) = 2*r**3 - 2*r**2 + 7*r - 7. Let p(m) = -3*m**3 + 5*m**2 - 13*m + 13. Let c(z) = 3*p(z) + 5*w(z). Determine c(-6).
-8
Let r be (1/(-1))/(-1) - -1. Let o(f) = -48*f + f**2 + f**3 + 48*f + r. Let m be (-2)/(-1) + 0 + -2. Calculate o(m).
2
Let r(m) = -m + 14. Let k be r(8). Suppose -4*w + k - 22 = 0. Let j(o) = -2*o - 2. Calculate j(w).
6
Let s(q) = -q**3 - 4*q**2 + 5*q + 4. Let f be (-6)/4*(-6)/9. Let x(h) = h + 2. Let y(t) = t + 1. Let v(a) = 3*x(a) - 7*y(a). Let d be v(f). Determine s(d).
4
Let v be (-1 + 1)*5/(-5). Let a(j) = -4 + 1 - j**2 + 4*j + 0*j**2 + v*j**2. What is a(3)?
0
Let j(w) be the first derivative of w**6/120 + 2*w**5/15 + 7*w**4/24 + 2*w**3/3 + 3*w**2 - 4. Let i(p) be the second derivative of j(p). Determine i(-7).
4
Let p(y) = 21*y - 43*y + 1 + 20*y. What is p(4)?
-7
Suppose 3*q = 2*q. Let m(w) = -5*w**2 + 7. Let z(y) = -9*y**2 + 13. Suppose -16 + 2 = 2*f. Let p(g) = f*m(g) + 4*z(g). Calculate p(q).
3
Let x(b) = 9*b**3 - b**2 - 3*b - 1. Let s(j) = 8*j**3 - j**2 - 2*j - 1. Let r(o) = 4*s(o) - 3*x(o). Suppose 2*z + 2*z = 4. Calculate r(z).
4
Let k(t) = -7 + 6*t - 3*t + 9 - t**3. Let f(x) = -x**2 + 2. Let h be f(2). Give k(h).
4
Let h(z) be the first derivative of z**3/3 - 2*z**2 - 4*z - 8. Determine h(6).
8
Let s = -34 - -19. Let g be (4/5)/(3/s). Let z(r) = -r - 3. What is z(g)?
1
Let t(u) be the second derivative of 2*u**3/3 - u. Suppose 0 = i - 0*i. Suppose 0 = -2*v + 2 - i. Determine t(v).
4
Suppose -14 = -3*t - 5. Let a(p) = -6*p**2 + 11*p**2 - 2 - p**t - 3. Calculate a(5).
-5
Suppose 0 = 2*d + q + 10, d + 2*q = -4*d - 23. Let l = d - -6. Let r(y) be the first derivative of 2*y**3/3 - 3*y**2/2 - 4*y + 1. What is r(l)?
5
Let k be (2/3)/((-10)/(-45)). Suppose k*j = 5*j. Let w(b) = b**3 - 7. Give w(j).
-7
Let k(t) be the second derivative of -t**5/20 - t**4/3 + t**3/2 - t**2 + 15*t. Give k(-5).
8
Let g(w) = -w**2 - w + 2. Let d(t) = -4*t**2 - t + 8. Let i(y) = d(y) - 3*g(y). Let a(z) = -3*z + 1. Let k be a(-1). Determine i(k).
-6
Let z(p) = 20*p - 6. Let b(v) = 7*v - 2. Let c(q) = 14*b(q) - 5*z(q). Let y be 0 + (-9)/((-3)/1). Determine c(y).
-4
Suppose 2 = -s - 0*s. Let l(z) = 0 + z**2 + 4*z**3 - 1 + 2 - 3*z**3 - z. What is l(s)?
-1
Let u(j) be the first derivative of j**3/3 - 4*j**2 - 5*j - 8. Calculate u(8).
-5
Suppose 4*b - 2 = 3*b. Let j(s) = 4*s + s**2 - 7 + 2*s - b*s**2. Suppose 0 = 3*a - c - 17, 2*